e l(95).
-15
Let z(u) = -u**3 - 42*u**2 + 289*u + 38. Determine z(-48).
-10
Let k(d) = 227*d - 2045. What is k(9)?
-2
Let k(z) = -z**2 + 19*z + 53. Give k(24).
-67
Let f(n) = 8*n**3 + 10*n**2 + 4*n + 14. Give f(-4).
-354
Let m(z) = -z**3 - 20*z**2 - 45*z - 54. Calculate m(-18).
108
Let q(b) = 2*b**3 + 6*b**2 + 9*b + 43. Calculate q(-4).
-25
Let z(t) = 6*t + 50. Give z(-5).
20
Let b(z) = 17*z**2 + 185*z - 186. Determine b(1).
16
Let o(b) = -24*b + 165. What is o(7)?
-3
Let i(v) = 210*v**3 + 3570*v**2 - 4*v - 73. Determine i(-17).
-5
Let d(h) = -106*h - 794. Calculate d(-7).
-52
Let s(g) = -12*g - 296. Give s(-26).
16
Let y(c) = -49*c + 153. Give y(3).
6
Let g(m) = 20996*m + 125991. Give g(-6).
15
Let r(p) = -13*p**2 - 1274*p. Determine r(-98).
0
Let f(s) = 7*s**2 + 116*s + 57. Determine f(-16).
-7
Let p(g) = -29*g**2 - 1858*g - 127. Determine p(-64).
1
Let z(m) = 832*m + 69886. Give z(-84).
-2
Let z(f) = f**2 - 41*f + 52. Calculate z(41).
52
Let q(r) = -3*r**3 - 21*r**2 - 32*r + 2. Determine q(-5).
12
Let q(u) = 10*u + 37. Calculate q(-18).
-143
Let a(v) = v**2 - 107*v - 1940. Give a(-16).
28
Let o(b) = b**3 + 20*b**2 - 84*b - 5. Calculate o(-24).
-293
Let j(c) = 2*c**2 + 9*c + 33. Calculate j(-3).
24
Let h(z) = -19*z**2 + 803*z - 1000. Give h(41).
-16
Let r(x) = x**2 + 16*x - 178. What is r(-21)?
-73
Let c(n) = 2*n**3 + 26*n**2 + 24*n - 72. Determine c(-12).
-72
Let t(u) = 60*u - 6129. Determine t(102).
-9
Let m(f) = f**2 - 32*f - 400. What is m(40)?
-80
Let y(t) = -2*t**2 + 435*t - 3552. Determine y(209).
1
Let j(n) = n - 25. What is j(13)?
-12
Let c(j) = j**2 + 207*j - 2615. What is c(-219)?
13
Let j(g) = -7*g**2 - 20*g - 13. Determine j(-8).
-301
Let y(z) = -96*z + 361. Determine y(2).
169
Let q(y) = -81*y + 1064. Determine q(9).
335
Let h(n) = -n**2 + 13*n + 105. Determine h(17).
37
Let g(m) = -m**3 + 8*m**2 - 11. Calculate g(6).
61
Let u(d) = -d - 48. Calculate u(31).
-79
Let u(a) = -a**2 + 64*a + 276. Give u(-4).
4
Let y(r) = -68*r - 5588. Determine y(-82).
-12
Let w(g) = -38*g - 4. Give w(5).
-194
Let f(x) = -214*x - 1506. Calculate f(-7).
-8
Let d(g) = g**3 - 7*g**2 - 366*g - 57. Give d(23).
-11
Let u(m) = -m**3 + 69*m**2 - 369*m - 563. Calculate u(63).
4
Let n(w) = -w**3 + 88*w**2 + 274*w - 87. Give n(91).
4
Let h(n) = 1207*n - 2558. Calculate h(2).
-144
Let z(u) = -u**2 + 7*u + 10. What is z(7)?
10
Let h(l) = 270*l + 29162. Determine h(-108).
2
Let i(a) = a**3 + 489*a**2 - 2487*a + 80. Give i(5).
-5
Let r(n) = 664*n**2 - 55*n + 54. What is r(1)?
663
Let z(x) = 9*x - 115. What is z(6)?
-61
Let m(x) = -3*x**3 - 311*x**2 + 106*x + 217. Calculate m(-104).
9
Let l(a) = a**3 + 26*a**2 - 271*a + 9. Calculate l(-34).
-25
Let x(t) = -54*t - 70. Give x(-4).
146
Let l(v) = -v + 27. Give l(12).
15
Let t(j) = j**3 + j**2 - 11*j - 19. Calculate t(6).
167
Let p(w) = 4133*w - 8266. Determine p(2).
0
Let r(m) = -2*m**2 + 122*m - 1253. Give r(13).
-5
Let m(b) = 349*b + 6627. What is m(-19)?
-4
Let g(w) = -w**2 - 69*w + 2712. Give g(28).
-4
Let c(x) = 37*x - 779. What is c(18)?
-113
Let x(f) = -f**2 - 171*f + 3790. What is x(20)?
-30
Let y(c) = -c**2 + 47*c - 242. Give y(15).
238
Let j(q) = 185*q**2 - 1448*q - 249. Give j(8).
7
Let f(k) = -3*k**3 + 31*k**2 - k + 13. Determine f(6).
475
Let p(w) = -w**2 - 41*w + 154. Determine p(3).
22
Let z(k) = -42*k**2 - 246*k + 34. Give z(-6).
-2
Let v(j) = -2*j**2 + 106*j + 2172. Determine v(-16).
-36
Let i(b) = 1042*b + 5344. What is i(-5)?
134
Let w(b) = -79*b + 3232. Determine w(41).
-7
Let a(h) = 564*h + 33282. Determine a(-59).
6
Let f(y) = -y**3 - 16*y**2 + 9*y + 18. What is f(-17)?
154
Let u(i) = 2*i**2 - 9*i - 511. Determine u(-14).
7
Let u(t) = 55*t + 270. Determine u(-5).
-5
Let z(w) = w**3 + 380*w**2 - 3503*w + 21. Determine z(9).
3
Let h(w) = -w**3 - 4*w**2 + 13*w + 17. Determine h(-6).
11
Let o(j) = -4*j**2 - 3*j + 41. What is o(-4)?
-11
Let y(u) = u + 93. Calculate y(-72).
21
Let o(t) = 7291*t + 3. Determine o(0).
3
Let z(n) = -n**2 - 1951*n - 7778. Calculate z(-4).
10
Let k(v) = v**3 + 50*v**2 - 1582*v + 119. Calculate k(-72).
-25
Let i(k) = 56*k - 442. Calculate i(6).
-106
Let y(i) = -25*i - 122. Calculate y(14).
-472
Let w(y) = -2*y**3 - 193*y**2 - 288*y - 277. Determine w(-95).
8
Let z(t) = -34*t + 493. What is z(15)?
-17
Let r(u) = 30*u**2 + 26*u - 3. What is r(3)?
345
Let y(q) = -2*q**2 - 35*q + 114. Determine y(3).
-9
Let c(i) = -21*i + 194. Give c(10).
-16
Let y(w) = -8*w**2 + 47*w + 55. Determine y(-1).
0
Let y(p) = p**3 + 152*p**2 + 271*p - 57. Give y(-2).
1
Let d(o) = -120*o - 238. Determine d(-6).
482
Let d(g) = 206*g + 344. Give d(-4).
-480
Let y(b) = -118*b + 32. What is y(-1)?
150
Let m(z) = 12*z**2 + 2*z. Calculate m(-1).
10
Let x(h) = 16*h**2 - 81*h - 84. Calculate x(-1).
13
Let f(v) = v**2 + 130*v + 1711. What is f(-115)?
-14
Let r(q) = -q**3 - 238*q**2 - 933*q + 17. What is r(-4)?
5
Let b(y) = -2*y**2 + 286*y - 2691. Determine b(10).
-31
Let s(g) = 34*g**2 - 25*g - 24. What is s(-1)?
35
Let d(n) = -76*n**2 - 1040*n + 16. Calculate d(-14).
-320
Let j(a) = -19*a + 721. Give j(16).
417
Let x(y) = 28*y + 495. Give x(-17).
19
Let g(f) = -11*f - 49. What is g(12)?
-181
Let c(t) = t**3 + 2*t**2 - 22*t - 86. What is c(-4)?
-30
Let l(i) = i**3 - 15*i**2 + 32*i + 11. Calculate l(12).
-37
Let y(a) = 8*a**3 + 32*a**2 - 77*a + 6. Determine y(4).
722
Let i(p) = 24*p**2 + 14*p + 11. Calculate i(-2).
79
Let u(l) = -1134*l + 6694. Give u(6).
-110
Let g(q) = -q**3 - 11*q**2 - 31*q - 145. Calculate g(-9).
-28
Let v(q) = q**3 - 33*q**2 + 39*q - 19. Give v(32).
205
Let r(t) = 1397*t + 106171. Determine r(-76).
-1
Let h(v) = -v**3 - 18*v**2 + 112*v + 18. Give h(5).
3
Let l(j) = -12*j**2 - 12*j - 4. Calculate l(-2).
-28
Let i(p) = -p**2 - 2*p + 1439. Calculate i(37).
-4
Let g(b) = 330*b - 103. What is g(3)?
887
Let q(t) = -383*t + 2824. Give q(7).
143
Let m(p) = -4*p**2 - 210*p - 210. Determine m(-1).
-4
Let c(f) = -383*f - 279. Give c(-1).
104
Let d(i) = -i**2 + 48*i - 69. Determine d(49).
-118
Let w(f) = 11*f - 899. What is w(82)?
3
Let m(d) = d**3 - 6*d**2 + d - 35. Calculate m(8).
101
Let d(l) = -l**3 - 34*l**2 - 100*l - 124. Give d(-31).
93
Let m(j) = -j**2 - j. Calculate m(-3).
-6
Let p(g) = -155*g - 573. Determine p(-4).
47
Let k(r) = -r**3 + 8*r**2 + 13*r - 31. Determine k(5).
109
Let n(u) = -11*u**3 - 65*u**2 - 3*u - 8. What is n(-6)?
46
Let g(k) = k**2 - 33*k + 20. Give g(9).
-196
Let y(x) = x**3 + 31*x**2 - 221*x + 62. Give y(6).
68
Let u(w) = -2*w**3 - 18*w**2 + 75*w + 336. Determine u(-11).
-5
Let z(r) = 149*r + 56. Determine z(-5).
-689
Let s(i) = -i**3 - 9*i**2 + 11*i + 79. Give s(-6).
-95
Let y(l) = 642*l + 1279. Determine y(-2).
-5
Let l(t) = -t**3 - 12*t**2 + 90*t - 18. Calculate l(5).
7
Let o(n) = -2*n**2 + 209*n - 234. Give o(104).
-130
Let z(b) = -b**2 + 439*b - 11. What is z(0)?
-11
Let p(o) = 26*o + 745. Calculate p(-36).
-191
Let s(v) = 171*v**2 + 24*v - 1. What is s(-1)?
146
Let j(m) = 2*m**3 - 6*m**2 + 13*m + 16. What is j(3)?
55
Let g(k) = -67*k**3 + 6*k**2 + k - 2. Determine g(1).
-62
Let h(l) = -15*l**2 - 333*l - 63. Calculate h(-22).
3
Let r(t) = 247*t**2 + 5*t + 3. Calculate r(-1).
245
Let b(o) = -o**2 + 104*o + 533. Give b(-5).
-12
Let a(g) = 494*g - 21. Calculate a(0).
-21
Let l(h) = -22*h - 551. Give l(-25).
-1
Let g(p) = p**3 - 9*p**2 + 4*p. Calculate g(7).
-70
Let g(p) = 45*p**2 - 814*p + 78. Determine g(18).
6
Let b(o) = o**3 - 26*o**2 - 13*o + 346. Determine b(26).
8
Let k(i) = i**2 + 19*i - 776. Determine k(-39).
4
Let r(o) = 1138*o + 8019. What is r(-7)?
53
Let i(g) = -g**2 + 36*g - 147. Give i(5).
8
Let x(m) = -2*m**3 - 3*m**2 - 2. Determine x(-3).
25
Let n(y) = -3*y**2 + 38*y + 400. Determine n(-7).
-13
Let f(z) = -1410*z + 21130. Give f(15).
-20
Let u(p) = -346*p + 1787. Give u(5).
57
Let h(m) = 2*m**3 + 34*m**2 - 21. Calculate h(-17).
-21
Let d(z) = 468*z + 8303. What is d(-18)?
-121
Let h(v) = 318*v + 5722. Calculate h(-18).
-2
Let v(z) = -z**3 - 66*z**2 + 434*z + 141. What is v(-72)?
-3
Let j(y) = 2*y - 96. What is j(7)?
-82
Let a(c) = -138*c + 7. Calculate a(-1).
145
Let q(c) = 26*c + 89. Calculate q(6).
245
Let i(m) = -m**3 - 28*m**2 - 29*m - 92. Calculate i(-27).
-38
Let x(w) = w**3 - 28*w**2 + 167*w + 60. Give x(19).
-16
Let a(f) = 2*f**2 + 149*f - 57